{"id":37,"date":"2022-02-04T17:21:32","date_gmt":"2022-02-04T17:21:32","guid":{"rendered":"http:\/\/cristinasaracu.ro\/?page_id=37"},"modified":"2024-12-26T11:25:18","modified_gmt":"2024-12-26T11:25:18","slug":"despre-mine","status":"publish","type":"page","link":"https:\/\/cristinasaracu.ro\/index.php\/despre-mine\/","title":{"rendered":"despre mine"},"content":{"rendered":"\n<div class=\"wp-block-media-text alignwide is-stacked-on-mobile\" style=\"grid-template-columns:40% auto\"><figure class=\"wp-block-media-text__media\"><img loading=\"lazy\" decoding=\"async\" width=\"218\" height=\"1024\" src=\"https:\/\/cristinasaracu.ro\/wp-content\/uploads\/2022\/02\/Sens-Unic_1_modif_2-218x1024.jpg\" alt=\"\" class=\"wp-image-242 size-full\" srcset=\"https:\/\/cristinasaracu.ro\/wp-content\/uploads\/2022\/02\/Sens-Unic_1_modif_2-218x1024.jpg 218w, https:\/\/cristinasaracu.ro\/wp-content\/uploads\/2022\/02\/Sens-Unic_1_modif_2-64x300.jpg 64w, https:\/\/cristinasaracu.ro\/wp-content\/uploads\/2022\/02\/Sens-Unic_1_modif_2.jpg 284w\" sizes=\"auto, (max-width: 218px) 100vw, 218px\" \/><\/figure><div class=\"wp-block-media-text__content\">\n<p>Sunt n\u0103scuta de ziua recoltei, \u00eentr-o duminic\u0103 ?<\/p>\n\n\n\n<p>Cei care m\u0103 \u0219tiu probabil v-ar spune c\u0103 \u201enu calc de dou\u0103 ori \u020bntr-un loc\u201d.<\/p>\n\n\n\n<p>Iubesc <strong>libertatea, Delta<\/strong> \u015fi <strong><em>oamenii buni<\/em><\/strong>.<\/p>\n\n\n\n<p>Via\u0163a este deseori despre <strong>curaj \u015fi asumare<\/strong>, despre <strong>\u00eencredere<\/strong> \u015fi <strong>vise mari<\/strong>.<\/p>\n\n\n\n<p>Am ales s\u0103 vorbesc despre <strong>incluziune<\/strong> \u015fi \u0219tiu c\u0103 nu e simplu niciodat\u0103.<\/p>\n\n\n\n<p><strong><em>De ce scriu?<\/em><\/strong><\/p>\n\n\n\n<p>Cred \u020bn puterea pove\u0219tilor spuse, cred \u020bn nevoia de a auzi cu sufletul despre cine suntem.<\/p>\n\n\n\n<p>Cred \u020bn for\u021ba \u00eentreb\u0103rilor ce alegem s\u0103 le rostim.<\/p>\n\n\n\n<p>Cred \u00eentr-o viat\u0103 cu sens, f\u0103r\u0103 a \u00eencerca s\u0103 cosmetiz\u0103m ce suntem, ce am fost \u015fi ce vom deveni.<\/p>\n\n\n\n<p>Cred \u020bn onestitate chiar \u015fi atunci c\u00e2nd doare.<\/p>\n\n\n\n<p>Ipocrizia e o boal\u0103 a tuturor timpurilor, dar acum este la rang de virtute \u015fi uneori nu mai deosebim gr\u00e2ul de neghin\u0103.<\/p>\n<\/div><\/div>\n\n\n\n<p><\/p>\n\n\n\n<p><em>Profesional despre mine <strong><a href=\"https:\/\/www.linkedin.com\/in\/cristinasaracu\/\">aici<\/a><\/strong><\/em><\/p>\n\n\n\n<p>Proiecte dragi:<\/p>\n\n\n\n<p><strong><em><a href=\"https:\/\/incluziunepebune.ro\/\" target=\"_blank\" rel=\"noreferrer noopener\">Incluziune pe BUNE<\/a><\/em><\/strong><\/p>\n\n\n\n<p><\/p>\n","protected":false},"excerpt":{"rendered":"<p>Sunt n\u0103scuta de ziua recoltei, \u00eentr-o duminic\u0103 ? Cei care m\u0103 \u0219tiu probabil v-ar spune c\u0103 \u201enu calc de dou\u0103 ori \u020bntr-un loc\u201d. Iubesc libertatea, Delta \u015fi oamenii buni. Via\u0163a este deseori despre curaj \u015fi asumare, despre \u00eencredere \u015fi vise mari. Am ales s\u0103 vorbesc despre incluziune \u015fi \u0219tiu c\u0103 nu e simplu niciodat\u0103. De [&hellip;]<\/p>\n","protected":false},"author":1,"featured_media":0,"parent":0,"menu_order":2,"comment_status":"closed","ping_status":"closed","template":"","meta":{"site-sidebar-layout":"default","site-content-layout":"","ast-site-content-layout":"default","site-content-style":"default","site-sidebar-style":"default","ast-global-header-display":"","ast-banner-title-visibility":"","ast-main-header-display":"","ast-hfb-above-header-display":"","ast-hfb-below-header-display":"","ast-hfb-mobile-header-display":"","site-post-title":"","ast-breadcrumbs-content":"","ast-featured-img":"","footer-sml-layout":"","ast-disable-related-posts":"","theme-transparent-header-meta":"","adv-header-id-meta":"","stick-header-meta":"","header-above-stick-meta":"","header-main-stick-meta":"","header-below-stick-meta":"","astra-migrate-meta-layouts":"set","ast-page-background-enabled":"default","ast-page-background-meta":{"desktop":{"background-color":"var(--ast-global-color-4)","background-image":"","background-repeat":"repeat","background-position":"center center","background-size":"auto","background-attachment":"scroll","background-type":"","background-media":"","overlay-type":"","overlay-color":"","overlay-opacity":"","overlay-gradient":""},"tablet":{"background-color":"","background-image":"","background-repeat":"repeat","background-position":"center center","background-size":"auto","background-attachment":"scroll","background-type":"","background-media":"","overlay-type":"","overlay-color":"","overlay-opacity":"","overlay-gradient":""},"mobile":{"background-color":"","background-image":"","background-repeat":"repeat","background-position":"center center","background-size":"auto","background-attachment":"scroll","background-type":"","background-media":"","overlay-type":"","overlay-color":"","overlay-opacity":"","overlay-gradient":""}},"ast-content-background-meta":{"desktop":{"background-color":"var(--ast-global-color-5)","background-image":"","background-repeat":"repeat","background-position":"center center","background-size":"auto","background-attachment":"scroll","background-type":"","background-media":"","overlay-type":"","overlay-color":"","overlay-opacity":"","overlay-gradient":""},"tablet":{"background-color":"var(--ast-global-color-5)","background-image":"","background-repeat":"repeat","background-position":"center center","background-size":"auto","background-attachment":"scroll","background-type":"","background-media":"","overlay-type":"","overlay-color":"","overlay-opacity":"","overlay-gradient":""},"mobile":{"background-color":"var(--ast-global-color-5)","background-image":"","background-repeat":"repeat","background-position":"center center","background-size":"auto","background-attachment":"scroll","background-type":"","background-media":"","overlay-type":"","overlay-color":"","overlay-opacity":"","overlay-gradient":""}},"footnotes":""},"class_list":["post-37","page","type-page","status-publish","hentry"],"_links":{"self":[{"href":"https:\/\/cristinasaracu.ro\/index.php\/wp-json\/wp\/v2\/pages\/37","targetHints":{"allow":["GET"]}}],"collection":[{"href":"https:\/\/cristinasaracu.ro\/index.php\/wp-json\/wp\/v2\/pages"}],"about":[{"href":"https:\/\/cristinasaracu.ro\/index.php\/wp-json\/wp\/v2\/types\/page"}],"author":[{"embeddable":true,"href":"https:\/\/cristinasaracu.ro\/index.php\/wp-json\/wp\/v2\/users\/1"}],"replies":[{"embeddable":true,"href":"https:\/\/cristinasaracu.ro\/index.php\/wp-json\/wp\/v2\/comments?post=37"}],"version-history":[{"count":19,"href":"https:\/\/cristinasaracu.ro\/index.php\/wp-json\/wp\/v2\/pages\/37\/revisions"}],"predecessor-version":[{"id":351,"href":"https:\/\/cristinasaracu.ro\/index.php\/wp-json\/wp\/v2\/pages\/37\/revisions\/351"}],"wp:attachment":[{"href":"https:\/\/cristinasaracu.ro\/index.php\/wp-json\/wp\/v2\/media?parent=37"}],"curies":[{"name":"wp","href":"https:\/\/api.w.org\/{rel}","templated":true}]}}